5*1*-55630?
5
Suppose 0 = -3*p + q + 50, -5*p + 2*q + 128 = 43. Suppose -r + p*r = 798. What is the tens digit of r?
5
Suppose 0 = 11*b - 6*b - 785. Suppose -2*x + b = -1697. What is the units digit of x?
7
Suppose -4*x = -4*n + 16, -7*n + 2*n + x = -12. Suppose n*r - 44 = r. Let j = 25 + r. What is the tens digit of j?
6
Let x(v) = -25*v + 206. Let h(m) = -m**3 - 8*m**2 - 10*m - 21. Let r be h(-6). What is the hundreds digit of x(r)?
0
Suppose 0 = -3*z - 98 - 22. Let d = z + 49. Suppose d*t - 12*t = -57. What is the tens digit of t?
1
Let u(b) = -b**3 - 29*b**2 + 2*b + 61. Let m be u(-29). Suppose -3*a + 1608 = -3*i, m*a - 2*i - 1604 = 2*i. What is the units digit of a?
0
Let t = 252 - 151. Let z = -97 + t. Suppose 2*p - 3*c = 14, 5*p - 6*p + 17 = -z*c. What is the units digit of p?
1
Suppose 2*b - 4381 + 1958 = 9781. What is the hundreds digit of b?
1
Suppose -i + 5*r + 1724 = i, -2*i - 2*r + 1738 = 0. Suppose 0 = -2*k - 3*u + 3, k - 41 = -3*k + u. Suppose -k*m = -6 - i. What is the tens digit of m?
9
Suppose h - 32 - 29 = 4*t, -3*t - 56 = -h. Let q = h + -37. Suppose 3 = -u + q*u, 5*s + 4*u - 159 = 0. What is the units digit of s?
1
Suppose 610*h - 76800 = 595*h. What is the units digit of h?
0
Suppose 16*s = 15*s + 33. Let k = 515 + s. What is the tens digit of k?
4
Suppose -x - 5*y = -4*y - 7718, 5*x = 3*y + 38574. What is the thousands digit of x?
7
Let a(w) = -11*w - 29. Let c be a(-4). Let d be (6/c)/(2/(-5)). Let k(l) = 13*l**2. What is the units digit of k(d)?
3
Let v(y) = -5*y. Let l be v(-4). Let h(f) = 4*f - f**2 - 17 + l - 13*f - 11*f. What is the units digit of h(-14)?
7
Let z(s) = -s + 11. Let v be z(14). Let u be (-6 - (-54)/12)*(v - -1). What is the units digit of (-5)/((9/(-57))/u)?
5
Suppose -3*p - 6*z + 1254 = -3*z, 4*z = -3*p + 1256. What is the units digit of p?
6
What is the units digit of (-3 - 4)/((-10)/20*(-3)/(-2667))?
6
Suppose 5*o - 4*o + 2 = 0, -11*y + 26850 = -5*o. What is the thousands digit of y?
2
Let w = 9301 + 361. What is the thousands digit of w?
9
Suppose -65*r + 62*r + 9 = 0. Suppose j + 5*l = -3*j + 1727, -r*l = 5*j - 2162. What is the tens digit of j?
3
What is the hundreds digit of 23639*6/6 - (-26 - -37)?
6
Suppose 147*l = 138*l + 14364. Let z = l + -518. What is the units digit of z?
8
Suppose -4*m - 1 = -5*m, m = -c + 9. What is the hundreds digit of (9 - c)/(3/543)?
1
Let u(k) = 937*k**2 - 5*k + 1. What is the tens digit of u(-2)?
5
Let x(l) = -l**3 - l**2 + l + 2. Suppose -v - 1 = 2*q - 7, 4*v = q - 3. Let p be x(v). Suppose -4*u = p*u - 426. What is the tens digit of u?
7
Suppose -142*q = -120*q - 66154. What is the units digit of q?
7
Suppose 191275 + 56133 = 9*r + 19*r. What is the units digit of r?
6
Suppose -23*o - 25*o - 7*o = -4687485. What is the hundreds digit of o?
2
What is the units digit of (-456)/(-12)*(-8)/((-112)/721)?
7
Let o = 7 + 1. Suppose -2*p + 10 = 2*i, -10*i + 3*p + 33 = -5*i. Suppose -i*h + o*h = 208. What is the tens digit of h?
0
Let b be (-68)/(-1 + 4/(720/172)). What is the tens digit of (9/5 - 1)/(4/b)?
0
Suppose 6*y - 7*y - 2*z - 5 = 0, 0 = 5*y + 5*z. Suppose 4*j + 2*p - 2393 = 4893, y*j - 2*p - 9121 = 0. What is the thousands digit of j?
1
Suppose 0 = 2*y - s - 129774, 6*y - 26*s + 29*s - 389322 = 0. What is the ten thousands digit of y?
6
Let v be ((-3)/(-9))/(2/102). Suppose -v = -2*s + 83. Let q = s - -119. What is the units digit of q?
9
Let z(x) = 0 + 20 - 13 + 19 - 426*x. What is the units digit of z(-2)?
8
What is the hundreds digit of (72 + -1)/(174/80214)?
7
Suppose 6*s + 20 = 2*s. Let w(f) = 5*f**2 + 6*f - 4. Let x be w(s). Suppose -101 = -3*g + x. What is the units digit of g?
4
Let y(x) = 5*x + 3. Let d be y(-4). Let c be 3285/105 + (-12)/42. Let t = c + d. What is the tens digit of t?
1
Let l = -12301 - -18353. What is the hundreds digit of l?
0
Let t = 246 - 99. Let l = t - 104. What is the units digit of l?
3
Let u be ((-2)/(-1) + -5 - -4)*13. Suppose 9*x - u*x + 1544 = 0. What is the tens digit of x?
8
What is the tens digit of 171950/46 - 78/1794?
3
Let l(u) = -356*u - 17. Let x be l(-5). Suppose 8*c + x = 5075. What is the hundreds digit of c?
4
Let r be (-4)/(-38)*1 + 792/57. Let w be 28/49 - 22/r. What is the tens digit of w/1*73*-1?
7
Let m(j) = -j**3 + 9*j**2 - 2*j - 16. Let w be m(6). Suppose 4*l + 12*l + w = 0. Let q(n) = -39*n + 26. What is the units digit of q(l)?
1
Suppose 4*v + 7*m - 115926 = 5*m, 4*v + 11*m - 115881 = 0. What is the hundreds digit of v?
9
Suppose 3*t + 21 = 4*c - 31, -5*t - 50 = -3*c. Suppose -10*r + o = -7*r - 23, -2*o + c = r. What is the units digit of r?
8
Let g = 45 - 41. Suppose 166 = -g*x + 1822. Suppose o - 4*p = -0*p + 76, 0 = 5*o - 3*p - x. What is the units digit of o?
4
Let q = 38 + -20. Suppose 4*f + 7 = 5*c - q, -c + 3*f - 6 = 0. What is the tens digit of (19 + -8)*(c + -2)?
7
Let t = 14405 - 7696. What is the hundreds digit of t?
7
Let y = 24 + -21. Suppose 0 = 3*g - 879 - 549. Suppose y*b = 4*k - b - g, 5*k = 2*b + 595. What is the tens digit of k?
1
Let i(r) = r**3 - 15*r**2 + 14*r + 4. Let f be i(14). Let b(k) = 8*k - 10. Let t be b(f). Let z = t + 5. What is the units digit of z?
7
Let u = 203 + -200. Suppose -u*f = 3*f - 3324. What is the units digit of f?
4
Let b be -12*4*5/100*-205. Let r = b - 319. What is the hundreds digit of r?
1
Let l(z) = 154*z**2 + 5*z + 21. Let b be l(-4). Let v = b + -1754. What is the hundreds digit of v?
7
Let j(r) = 202*r - 96. Let y be j(-8). What is the units digit of ((-21)/(-14))/((-6)/y)?
8
Let y(l) = -l**3 - 4*l**2 + 5*l + 12. Let v be y(-7). Let f be 5 - 1 - v/(-2). Let n = f + 1. What is the tens digit of n?
6
Let g = -610 + 596. What is the tens digit of ((5635/g)/35)/((-2)/172)?
8
Suppose 2*u + o = -3*o + 26, -2*o + 1 = -3*u. Suppose -u*s + 3*h + 127 + 818 = 0, 946 = 3*s - 4*h. Suppose 38 = -4*y + s. What is the units digit of y?
9
Let b be (59/(-177))/(1/(-15)*1). Suppose 2*r - b*r = -162. What is the units digit of r?
4
Let f(j) = j**3 + 21*j**2 - 30*j - 17. Let x be f(-19). Suppose -x = -62*v + 76721. What is the tens digit of v?
5
Let l be ((12/6)/(-6))/((-1)/(-39)). Let z = -2 + l. Let b = 73 + z. What is the tens digit of b?
5
Let u(f) = f**2 - 2*f. Suppose 2*d - 10 = -0*s - 2*s, 5 = d + 2*s. Let w be u(d). Let l = 66 - w. What is the tens digit of l?
5
Let h(b) = 4*b**2 - 13*b + 13. Let m be h(1). Suppose -1020 = -k - 2*q, -m*k + 6*k = -q + 2046. What is the tens digit of k?
2
Suppose -m - 7 = 5*v + 32, 0 = 4*m - 2*v + 68. Let u be (-4)/3*m*(-1 - 2). What is the units digit of u/6*-3 - 3?
5
What is the hundreds digit of (-555448)/10*(-13)/((-676)/(-65))?
4
Let t(m) = -3*m + 21. Let g be -12 + (0 + -4)*5/10. Let f be t(g). Suppose l + 6*l = f. What is the units digit of l?
9
Suppose 956*m = 944*m + 108. Suppose m*r + 940 = 7942. What is the tens digit of r?
7
Let z = 225 + -137. Let r = z + -78. Suppose 13*s = r*s + 630. What is the tens digit of s?
1
Let d(a) be the first derivative of a**2 + 121*a + 60. What is the hundreds digit of d(0)?
1
Suppose -2585113 + 735253 = -169*k + 1292695. What is the ten thousands digit of k?
1
Let u be (-1304)/(-32) + (-9)/12. Suppose 8*z + u = 3*z. Let p = z + 21. What is the units digit of p?
3
Let h(b) = 4779*b**2 - 83*b + 218. What is the tens digit of h(3)?
8
Suppose -3*s - 108 = -15*s. Suppose 0 = 5*i + 3*u - 2520, 4*u - s*u - 25 = 0. What is the hundreds digit of i?
5
Let y(n) be the second derivative of 29*n**3/3 + 335*n**2/2 + 143*n. What is the tens digit of y(13)?
8
Let s(v) = 33*v**3 + 1. Let u be s(-1). Let h = 147 - 82. Let n = u + h. What is the tens digit of n?
3
Let x(i) be the first derivative of -9*i**4 - 4*i**3/3 + i**2/2 - 2*i - 430. Let w(v) = v + 3. Let t be w(-5). What is the hundreds digit of x(t)?
2
Let o be ((-2)/6 - 1)/(1/(-3)). Let x be (-1*(-12)/o + -2)/1. Suppose -5*q + 618 = 2*l, q - 128 = 3*l - x. What is the tens digit of q?
2
Let d(t) = -40*t + 6. Let m be d(2). Let v = m - -73. Let w(n) = -16*n - 1. What is the units digit of w(v)?
5
Let z(h) = 3*h**3 - 3*h**2 + 7*h - 7. Let y(b) = -2*b**3 + 30*b**2 + 33*b - 9. Let x be y(16). What is the hundreds digit of z(x)?
9
Let k(r) = 4*r + 2. Let x be ((-1)/(3/(-9)))/(6/(-4)). Let t be k(x). What is the units digit of t/27 - (-9192)/54?
0